is (13 - 12) + -1 + -4?
-4
4 + 1 + -19 + 10
-4
Calculate -4 + 0 + (-2 - 3 - -5).
-4
What is -11 - (-11 - -2) - -1?
-1
What is -3 - 0 - (-7 + 3 + 6)?
-5
-19 - (-11 - (1 + -1))
-8
Calculate 48 + -55 + 7 + (1 - 2).
-1
Calculate (7 - 1) + (-1 - 9).
-4
What is the value of 1 + (10 - (-9 + 19))?
1
What is the value of 21 + -15 - (0 - (-3 + 1))?
4
Calculate -1 + -6 - (-35 - -23).
5
Calculate -7 + (11 - 21) + 23.
6
What is -11 + 7 + -4 + 4 + 2?
-2
What is 7 + 7 + 4 - 10?
8
Calculate (5 - -7 - 6) + (-1 - 6).
-1
-4 - -5 - (6 + 1)
-6
What is -5 - ((-6 - 0) + 4)?
-3
Calculate 7 + -11 - (-8 + 1).
3
0 + 6 - (-12 - -7 - -7)
4
Calculate 1 + 6 + -3 - 7.
-3
Calculate -4 + 3 + (5 - 9).
-5
Calculate (1 - 4) + -22 + 23 + 8.
6
What is the value of -4 - -3 - (9 + -3)?
-7
What is 0 + 0 - (6 - (7 - 3))?
-2
What is -2 + -2 - (2 - 3) - -4?
1
Evaluate 0 - (-3 + 7) - -3.
-1
1 - (-7 - 3) - 6
5
What is the value of -5 + -8 + 25 - 9?
3
Calculate -4 + (6 - 3 - (1 + 2)).
-4
Calculate 5 + (1 - -1) + -6.
1
What is the value of -2 + -3 + 5 - (2 - 1)?
-1
-40 + 36 - (-11 - 1)
8
Calculate (2 + -8 - (-3 + 3)) + 3.
-3
What is the value of -4 + 2 + (0 - -4)?
2
Calculate -47 + 47 - (0 - 1).
1
What is the value of -6 + (22 - 4) - 17?
-5
What is the value of (-13 - -7) + 13 + -13 + 0?
-6
Evaluate (-1 - 1) + (7 - 12) + 8.
1
What is (-8 - -1 - (-7 + -7)) + -6?
1
-4 - (3 + 3 + -6 + 2)
-6
Evaluate 4 - 6 - -8 - 3.
3
Evaluate 32 + -28 + 1 + (1 - -1).
7
Calculate (-3 + -5 - 7) + 12.
-3
What is -7 + (11 - 5 - -4)?
3
2 + (-1 - -3) + -6
-2
What is 3 + (1 - (-1 + 4))?
1
Calculate (-3 - -4) + 1 - 6.
-4
What is -2 - (6 + (-3 - -1) + -4)?
-2
Calculate 16 - 6 - 8 - -5.
7
-1 - -1 - (-5 + (-4 - -7))
2
Calculate -5 - (-10 + 3) - 5.
-3
Calculate 0 + 0 + -2 + 1 + -4.
-5
What is (-4 - -7) + (2 - 1)?
4
Evaluate (-7 - (3 - 0)) + 3.
-7
Calculate 15 - (2 - (-3 + -4)).
6
-12 + 1 + -2 - -5
-8
What is the value of -7 - -2 - (21 - 21)?
-5
Calculate (1 - -11) + (1 - (7 + 1)).
5
Calculate -2 + 3 + (-5 - (-3 - 3)).
2
Evaluate -2 - ((3 - 5) + 1).
-1
What is -1 + 0 + (-2 - (-7 - -2))?
2
What is -5 + 2 + -1 - (59 - 61)?
-2
Evaluate (3 - 0) + 11 + -11.
3
Calculate -3 + 13 - (-14 + 16).
8
Calculate 8 + -7 + -4 - 3.
-6
4 + (8 - (14 + -8))
6
Calculate -6 + 4 + -2 + 9.
5
Calculate 10 + -4 + -1 + 4 + -15.
-6
What is -3 + (-4 - 2) + 5?
-4
What is the value of -6 - (3 + (-3 - 2)) - -2?
-2
What is the value of 2 + (-3 - ((-1 - 1) + 3))?
-2
What is the value of 6 - (-6 - -7) - 11 - -4?
-2
Calculate -2 - 2 - (-1 + -5 + 0).
2
What is the value of 0 + -1 - 2 - (-4 - 0)?
1
Calculate -4 + (17 - 6) - 5.
2
-3 + 2 + -10 + 5
-6
What is the value of 5 - (14 - (5 + -11 + 6))?
-9
What is (0 - (1 - -2)) + 7?
4
1 + 1 + 2 + -9
-5
What is (0 - (-8 - -7)) + -2 + -2?
-3
Calculate 4 + -3 + 0 - -4.
5
Calculate (-7 - -2) + (-30 - -37).
2
(-3 - -5) + 3 + -3
2
What is (7 - 3) + (2 - 5 - 6)?
-5
What is (-2 - 7) + -9 + 9?
-9
Evaluate -1 + (-7 - 2) - -17.
7
What is the value of 2 + 2 + -4 + -2 - 6?
-8
What is 2 - ((7 - 3) + -2)?
0
Evaluate 13 + (-8 + -7 - -9).
7
9 - 3 - (0 - -12) - 1
-7
(-3 - -2) + (3 - (5 - 3))
0
Evaluate 4 + 17 + -16 + -1 + 0.
4
Calculate 5 - ((14 - 5) + 1).
-5
1 - (-3 + -1 - 0)
5
Evaluate 5 + -3 + -7 + 10.
5
6 + -1 + 9 + -13 - 2
-1
Evaluate 5 + (7 - (1 + (0 - -11))).
0
Calculate 15 + -10 + (-1 - 0).
4
What is the value of (29 + -29 - (1 - 2)) + -6?
-5
4 + (2 - (2 - -5))
-1
What is the value of -4 + 3 + -2 + 0?
-3
What is the value of (-3 - (-4 - 3)) + 1 + -5?
0
-4 + 8 + -4 + (-4 - -1)
-3
1 + -9 + 1 + (11 - 2)
2
-3 - (7 + -8) - -4
2
What is the value of -2 + 12 - (6 - 1)?
5
What is the value of 3 + 7 + -8 + 4?
6
Calculate 1 + 0 + 39 + -42.
-2
Calculate 2 + 3 + 1 + -1 + -1.
4
What is -4 - 5 - (3 - 12)?
0
What is the value of (1 - -2) + -3 + -1 + -1?
-2
What is (-41 - -27) + (-3 - -6)?
-11
Calculate (-2 - 2) + (21 - 23).
-6
2 + -2 - (-2 - -4 - 0)
-2
What is the value of 7 + -2 + (-2 + -5 - -5)?
3
4 - (1 - (0 + 6))
9
Calculate 5 + -3 - 3 - 4.
-5
Calculate -8 + 0 + 1 + 5.
-2
-1 - -8 - (-4 + 7)
4
Calculate (-3 - -4) + (4 - 0).
5
What is the value of -5 - 2 - (5 - 13)?
1
Calculate (1 - 3) + 3 + -2 - 3.
-4
What is 0 + 3 + 0 - (23 + -26)?
6
(-3 - -7) + (22 - 26)
0
What is -2 + 6 + -6 + -1 + -1?
-4
-2 - -1 - 2 - (-1 + -2)
0
What is the value of 3 + -2 + (62 - 66)?
-3
Evaluate -2 - (-6 - (2 + -1)).
5
What is -6 + 2 + 0 + 0?
-4
Calculate 3 + -6 - 0 - (-7 + 1).
3
5 + -7 + -7 + 3
-6
Calculate 6 - (-4 + 6 + 0).
4
2 + -3 + 0 + (6 - 6)
-1
What is the value of -7 - 0 - (18 - 20)?
-5
Calculate (3 - -1) + -12 + 8.
0
What is 2 + 3 + -11 + 8?
2
What is the value of (2 - 4) + (11 - 1 - 7)?
1
Calculate (-9 - (-8 + 2)) + 9 - 12.
-6
What is 85 + -73 - (6 + 3)?
3
Calculate -1 - 4 - (19 - 4 - 16).
-4
What is the value of 4 + 1 - (-2 + 5)?
2
Calculate 12 - (-7 + (13 - 2)).
8
3 - (-9 + 2 + 3)
7
Calculate 0 + 0 + (4 - 5) - -1.
0
Evaluate (-14 - -15) + 0 + -5 + 1.
-3
Evaluate 5 + (4 - 12) + 5 + -1.
1
What is the value of 11 + 1 - ((-8 - -22) + -6)?
4
(1 + (8 - 5) - 4) + -4
-4
Evaluate 5 - (0 + 2) - (12 - 9).
0
-3 - -1 - (-28 + 16)
10
Evaluate 2 + -2 + (7 - 4).
3
What is the value of 9 - (-3 + 8) - 7?
-3
Evaluate 2 + 0 - (-2 + 5).
-1
Calculate 7 + 2 + -17 + 3.
-5
Calculate 14 - ((-1 - -11) + -2).
6
Calculate 0 + -9 - (-13 + 6 + 1).
-3
What is the value of -8 - (-1 - 2) - -5?
0
What is -5 + (-1 - -13 - 2)?
5
What is 8 + 4 + 0 + -11?
1
Evaluate -3 - (1 - 1) - -3.
0
Evaluate -21 + 17 - (5 + -8).
-1
5 - (-4 + (-6 - -16) + 6)
-7
Calculate -1 + 3 + 0 + 17 + -21.
-2
16 - 13 - (-1 - -1)
3
What is the value of 47 + -55 - (-2 - 0)?
-6
What is the value of 11 + -7 + -9 - -5?
0
Evaluate -7 - -3 - -3 - -2.
1
-4 + -1 + -64 + 74
5
Evaluate -2 - (-4 + (-1 - 1)).
4
Calculate -9 - -5 - (1 - 2).
-3
What is the value of 0 - 0 - (-7 - 0) - 6?
1
Calculate 5 + -9 + 0 + (-1 - -3).
-2
What is (6 - 16) + (-1 - -6) + 4?
-1
What is -13 + (-10 - (11 + -23))?
-11
What is the value of 2 - 0 - -1 - 2?
1
What is the value of (4 + -4 - 2) + 3 + -2?
-1
Evaluate -39 - -38 - (-1 + 0).
0
5 - 12 - (-9 + -4)
6
-12 + 10 + 0 + -1
-3
Calculate 7 - 3 - 0 - 7.
-3
What is the value of -2 - 0 - (-6 - -8)?
-4
19 + -10 - (-9 - -18)
0
Evaluate (-2 - -4) + 2 + -1 + 1.
4
2 - 0 - -1 - (9 + -15)
9
Calculate -6 + 1 + -25 + 28.
-2
Evaluate 5 + -12 + (-1 - -4).
-4
2 + -8 - (4 - 5)
-5
Evaluate -1 - (-13 + (-3 - -8)).
7
6 - ((-4 - -6) + 0)
4
(-10 - (3 - 6)) + 5
-2
Evaluate (1 - -1) + 0 + (3 - 0).
5
Calculate 7 - (6 - (3 + 2 + -1)).
5
1 + -1 + 2 + 2
4
Calculate -2 + (-5 - -4) + 8.
5
9 + (-6 - 0) + -1
2
What is the value of (-3 - (-2 + 0)) + 1 + 4?
4
-13 + 14 - (-6 - 1)
8
What is (1 + -3 - -2) + -4?
-4
What is the value of -2 - 4 - -7 - (-6 + 4)?
3
Calculate 6 + 1 + (6 - (11 + -3)).
5
What is 8 + -4 + 5 + -5?
4
What is the value of -50 - -43 - (2 + 0 + -2)?
-7
What is the value of 3 - (-1 - (3 - (7 + 0)))?
0
What is the value of 0 - (-1 - (0 + 8 + -4))?
5
6 - (-4 - -6) - (-3 + 8)
-1
Calculate (1 - -1) + (-44 - -37).
-5
What is the value of 0 - 0 - (6 + -5 - 3)?
2
Calculate 2 + (6 + -4 + 1 - 1).
4
Calculate -3 + 3 - (-1 - 3).
4
Evaluate 3 + -10 - (-3 - -8 - 10).
-2
Evaluate -6 + 4 + -4 + (5 - 7).
-8
Evaluate -23 + 19 + (0 - (-1 + -6)).
3
What is the value of (6 + -1 + -15 - -3) + 3?
-4
Evaluate -10 + (0 + 2 - (-7 + 3)).
-4
What is -17 + 11 + -1 + -1?
-8
(-3 - -1) + 2 + -7 + 12
5
Calculate -9 + (20 - (9 + -5)).
7
Evaluate 11 + (-7 - 1) - 7.
-4
Evaluate 4 + -16 + 4 + (-3 - -7).
-4
Calculate -6 + (7 + -7 - 6 - -6).
-6
-3 + -1 + (11 - (-3 - -8))
2
What is the value of (-2 + 8 - (2 - -5)) + -7?
-8
5 - ((6 - -4) + -4)
-1
What is the value of (8 - 5) + -6 - -12?
9
Evaluate -2 + 1 - (8 - (-1 - -9)).
-1
-131 - -126 - (2 + 0)
-7
What is 0 + -1 + -2 + 13 + -15?
-5
Calculate -7 + (-2 + 3 - (4 - 4)).
-6
Evaluate (0 - (-4 - -1)) + -1 + 0.
2
What is -6 - -3 - (6 - -1) - -6?
-4
Calculate 3 - (-3 - 0 - -7).
-1
Calculate -3 - 0 - -4 - (6 + -1).
-4
Calculate 3 + 1 - -3 - (1 + 2).
4
What is 1 - (-3 + (2 - (-1 - 0)))?
1
What is the value of -34 + 38 - (8 + -1 + -2)?
-1
What is the value of (6 - 7) + 0 + 5?
4
What is -6 + 2 + -35 + 42?
3
What is -2 + (14 - 7) - 4?
1
5 - (1 + 0) - (-14 + 16)
2
What is 7 + -5 + -9 + 2?
-5
Calculate 3 - -1 - 1 - 1.
2
Evaluate -4 + -1 - -6 - (-2 + 2).
1
What is 0 - (0 - -5) - 0?
-5
(5 - -7 - 9) + (-5 - 0)
-2
Calculate 